{"id":9,"date":"2026-03-11T13:32:59","date_gmt":"2026-03-11T06:32:59","guid":{"rendered":"https:\/\/fun88ok.biz\/?page_id=9"},"modified":"2026-03-13T21:33:58","modified_gmt":"2026-03-13T14:33:58","slug":"fun88-nha-cai-ca-cuoc-the-thao-casino-truc-tuyen","status":"publish","type":"page","link":"https:\/\/fun88ok.biz\/","title":{"rendered":"Fun88 \u2014 Nh\u00e0 c\u00e1i c\u00e1 c\u01b0\u1ee3c th\u1ec3 thao &#038; casino tr\u1ef1c tuy\u1ebfn"},"content":{"rendered":"\t<div class=\"img has-hover x md-x lg-x y md-y lg-y\" id=\"image_795238941\">\n\t\t\t\t\t\t\t\t<div class=\"img-inner dark\" >\n\t\t\t<img loading=\"lazy\" decoding=\"async\" width=\"1020\" height=\"239\" src=\"https:\/\/fun88ok.biz\/wp-content\/uploads\/2026\/03\/Fun88-\u2014-Nha-cai-ca-cuoc-the-thao-casino-truc-tuyen-1024x240.png\" class=\"attachment-large size-large\" alt=\"Fun88 \u2014 Nh\u00e0 c\u00e1i c\u00e1 c\u01b0\u1ee3c th\u1ec3 thao &amp; casino tr\u1ef1c tuy\u1ebfn\" srcset=\"https:\/\/fun88ok.biz\/wp-content\/uploads\/2026\/03\/Fun88-\u2014-Nha-cai-ca-cuoc-the-thao-casino-truc-tuyen-1024x240.png 1024w, https:\/\/fun88ok.biz\/wp-content\/uploads\/2026\/03\/Fun88-\u2014-Nha-cai-ca-cuoc-the-thao-casino-truc-tuyen-300x70.png 300w, https:\/\/fun88ok.biz\/wp-content\/uploads\/2026\/03\/Fun88-\u2014-Nha-cai-ca-cuoc-the-thao-casino-truc-tuyen-768x180.png 768w, https:\/\/fun88ok.biz\/wp-content\/uploads\/2026\/03\/Fun88-\u2014-Nha-cai-ca-cuoc-the-thao-casino-truc-tuyen-1536x360.png 1536w, https:\/\/fun88ok.biz\/wp-content\/uploads\/2026\/03\/Fun88-\u2014-Nha-cai-ca-cuoc-the-thao-casino-truc-tuyen.png 1920w\" sizes=\"auto, (max-width: 1020px) 100vw, 1020px\" \/>\t\t\t\t\t\t\n\t\t\t\t\t<\/div>\n\t\t\t\t\t\t\t\t\n<style>\n#image_795238941 {\n  width: 100%;\n}\n<\/style>\n\t<\/div>\n\t\n<h1 style=\"text-align: center;\"><span data-sheets-root=\"1\">Fun88 \u2014 Nh\u00e0 c\u00e1i c\u00e1 c\u01b0\u1ee3c th\u1ec3 thao &amp; casino tr\u1ef1c tuy\u1ebfn<\/span><\/h1>\n<p><span data-sheets-root=\"1\"><a class=\"in-cell-link\" href=\"https:\/\/fun88ok.biz\/\" target=\"_blank\" rel=\"noopener\">Fun88<\/a> l\u00e0 trang \u0111\u1ea1i l\u00fd ch\u00ednh th\u1ee9c c\u1ee7a nh\u00e0 c\u00e1i Fun88 t\u1ea1i th\u1ecb tr\u01b0\u1eddng Vi\u1ec7t Nam. Fun88 th\u00e0nh l\u1eadp n\u0103m 2008, v\u1eadn h\u00e0nh b\u1edfi OG Global Access Limited, \u0111\u01b0\u1ee3c PAGCOR (Philippines) v\u00e0 \u1ee6y ban Gi\u00e1m s\u00e1t C\u1edd b\u1ea1c Isle of Man c\u1ea5p ph\u00e9p ho\u1ea1t \u0111\u1ed9ng h\u1ee3p ph\u00e1p. Nh\u00e0 c\u00e1i t\u1eebng t\u00e0i tr\u1ee3 \u00e1o \u0111\u1ea5u ch\u00ednh th\u1ee9c cho Newcastle United FC (2017\u20132024) v\u00e0 l\u00e0 \u0111\u1ed1i t\u00e1c c\u00e1 c\u01b0\u1ee3c ch\u00e2u \u00c1 c\u1ee7a Tottenham Hotspur t\u1eeb n\u0103m 2012. Ch\u00fang t\u00f4i cung c\u1ea5p link v\u00e0o Fun88 m\u1edbi nh\u1ea5t, kh\u00f4ng b\u1ecb ch\u1eb7n, c\u00f9ng h\u01b0\u1edbng d\u1eabn \u0111\u0103ng k\u00fd, n\u1ea1p r\u00fat ti\u1ec1n v\u00e0 c\u00e1c ch\u01b0\u01a1ng tr\u00ecnh khuy\u1ebfn m\u00e3i c\u1eadp nh\u1eadt li\u00ean t\u1ee5c.<\/p>\n<p>\ud83d\udccd Th\u00f4ng tin:<\/p>\n<p>\ud83c\udf10 Website: <a class=\"in-cell-link\" href=\"https:\/\/fun88ok.biz\/\" target=\"_blank\" rel=\"noopener\">https:\/\/fun88ok.biz<\/a><br \/>\n\ud83d\udcde Phone: (+84) 28 3636 8888<br \/>\n\ud83d\udce7 Email: contact@fun88ok.biz<br \/>\nLocation: B\/60A \u0110. L\u00ea V\u0103n Vi\u1ec7t, T\u0103ng Nh\u01a1n Ph\u00fa B, Th\u1ee7 \u0110\u1ee9c, Th\u00e0nh ph\u1ed1 H\u1ed3 Ch\u00ed Minh, Vi\u1ec7t Nam<br \/>\n\ud83c\udff7\ufe0f Hashtags: #Fun88OK #Fun88 #C\u00e1C\u01b0\u1ee3cTh\u1ec3Thao #CasinoOnline #K\u00e8oB\u00f3ng\u0110\u00e1 #EsportsBetting #Nh\u00e0C\u00e1iFun88 #BaccaratOnline #SlotGame #N\u1ed5H\u0169 #JackpotFun88<\/span><\/p>\n","protected":false},"excerpt":{"rendered":"<p>Fun88 \u2014 Nh\u00e0 c\u00e1i c\u00e1 c\u01b0\u1ee3c th\u1ec3 thao &amp; casino tr\u1ef1c tuy\u1ebfn Fun88 l\u00e0 trang \u0111\u1ea1i l\u00fd ch\u00ednh th\u1ee9c c\u1ee7a nh\u00e0 c\u00e1i Fun88 t\u1ea1i th\u1ecb tr\u01b0\u1eddng Vi\u1ec7t Nam. Fun88 th\u00e0nh l\u1eadp n\u0103m 2008, v\u1eadn h\u00e0nh b\u1edfi OG Global Access Limited, \u0111\u01b0\u1ee3c PAGCOR (Philippines) v\u00e0 \u1ee6y ban Gi\u00e1m s\u00e1t C\u1edd b\u1ea1c Isle of Man c\u1ea5p ph\u00e9p [&#8230;]\n","protected":false},"author":1,"featured_media":0,"parent":0,"menu_order":0,"comment_status":"closed","ping_status":"closed","template":"","meta":{"footnotes":""},"class_list":["post-9","page","type-page","status-publish","hentry"],"_links":{"self":[{"href":"https:\/\/fun88ok.biz\/index.php\/wp-json\/wp\/v2\/pages\/9","targetHints":{"allow":["GET"]}}],"collection":[{"href":"https:\/\/fun88ok.biz\/index.php\/wp-json\/wp\/v2\/pages"}],"about":[{"href":"https:\/\/fun88ok.biz\/index.php\/wp-json\/wp\/v2\/types\/page"}],"author":[{"embeddable":true,"href":"https:\/\/fun88ok.biz\/index.php\/wp-json\/wp\/v2\/users\/1"}],"replies":[{"embeddable":true,"href":"https:\/\/fun88ok.biz\/index.php\/wp-json\/wp\/v2\/comments?post=9"}],"version-history":[{"count":3,"href":"https:\/\/fun88ok.biz\/index.php\/wp-json\/wp\/v2\/pages\/9\/revisions"}],"predecessor-version":[{"id":46,"href":"https:\/\/fun88ok.biz\/index.php\/wp-json\/wp\/v2\/pages\/9\/revisions\/46"}],"wp:attachment":[{"href":"https:\/\/fun88ok.biz\/index.php\/wp-json\/wp\/v2\/media?parent=9"}],"curies":[{"name":"wp","href":"https:\/\/api.w.org\/{rel}","templated":true}]}}